 16) in base 15?
9
What is -1 (base 10) in base 4?
-1
Convert -3a (base 11) to base 10.
-43
Convert -131 (base 5) to base 12.
-35
2 (base 5) to base 9
2
Convert -338 (base 10) to base 8.
-522
Convert -a9 (base 11) to base 7.
-230
-7 (base 10) to base 5
-12
What is 0 (base 16) in base 13?
0
23 (base 7) to base 2
10001
1032 (base 6) to base 12
178
What is -6 (base 11) in base 14?
-6
Convert 0 (base 8) to base 14.
0
0 (base 9) to base 6
0
What is -4 (base 15) in base 10?
-4
Convert 203 (base 4) to base 15.
25
-27 (base 8) to base 16
-17
9 (base 11) to base 9
10
-1 (base 14) to base 16
-1
Convert -7 (base 10) to base 16.
-7
Convert -76 (base 13) to base 16.
-61
What is 20 (base 5) in base 10?
10
What is -23 (base 9) in base 16?
-15
What is 2 (base 16) in base 12?
2
Convert 5 (base 14) to base 7.
5
What is 0 (base 2) in base 16?
0
What is 0 (base 16) in base 7?
0
-9 (base 13) to base 7
-12
What is 28 (base 15) in base 13?
2c
What is 10 (base 3) in base 8?
3
What is 14 (base 13) in base 2?
10001
What is 0 (base 11) in base 12?
0
What is -49 (base 10) in base 14?
-37
What is 5 (base 14) in base 5?
10
What is -3 (base 13) in base 8?
-3
-4 (base 7) to base 10
-4
What is -2 (base 10) in base 16?
-2
What is 5 (base 6) in base 10?
5
What is -11 (base 6) in base 13?
-7
22 (base 8) to base 4
102
-8 (base 14) to base 16
-8
Convert -10101 (base 3) to base 5.
-331
What is 121 (base 13) in base 15?
d1
0 (base 9) to base 11
0
What is -39 (base 16) in base 12?
-49
What is -330 (base 6) in base 2?
-1111110
Convert 0 (base 7) to base 11.
0
What is -8 (base 11) in base 16?
-8
What is 1 (base 3) in base 11?
1
What is 7 (base 8) in base 9?
7
Convert 1 (base 12) to base 13.
1
Convert 10 (base 8) to base 3.
22
What is -1122 (base 3) in base 9?
-48
22 (base 5) to base 6
20
10 (base 2) to base 10
2
Convert 121 (base 8) to base 9.
100
Convert -1 (base 16) to base 7.
-1
12 (base 4) to base 7
6
110 (base 2) to base 9
6
13 (base 6) to base 11
9
What is 2 (base 9) in base 15?
2
Convert -23 (base 14) to base 3.
-1011
What is 2201 (base 3) in base 15?
4d
What is 1010 (base 6) in base 2?
11011110
Convert -15 (base 6) to base 2.
-1011
Convert -12 (base 4) to base 6.
-10
1 (base 6) to base 10
1
112 (base 5) to base 15
22
What is 433 (base 6) in base 10?
165
Convert 5 (base 9) to base 4.
11
-5 (base 16) to base 12
-5
What is 10 (base 13) in base 15?
d
What is -2 (base 4) in base 12?
-2
Convert -7 (base 14) to base 10.
-7
Convert -2 (base 10) to base 3.
-2
What is -11110 (base 4) in base 9?
-417
Convert -103 (base 4) to base 5.
-34
What is 1010 (base 3) in base 4?
132
What is -6 (base 11) in base 14?
-6
Convert 110 (base 5) to base 15.
20
Convert 1 (base 9) to base 5.
1
Convert 8 (base 13) to base 9.
8
What is 23 (base 15) in base 16?
21
What is 21 (base 7) in base 13?
12
-8 (base 12) to base 6
-12
What is -96 (base 11) in base 6?
-253
What is -2 (base 5) in base 10?
-2
-4 (base 13) to base 15
-4
Convert 191 (base 11) to base 13.
140
3 (base 14) to base 2
11
What is -135 (base 6) in base 3?
-2012
-20 (base 8) to base 10
-16
Convert 102 (base 6) to base 12.
32
-158 (base 10) to base 5
-1113
What is 1 (base 7) in base 12?
1
What is -54 (base 9) in base 3?
-1211
Convert 10 (base 12) to base 16.
c
-24 (base 12) to base 2
-11100
Convert -11 (base 4) to base 5.
-10
What is 1 (base 10) in base 9?
1
111 (base 2) to base 16
7
242 (base 7) to base 4
2000
What is 1 (base 3) in base 7?
1
2b (base 13) to base 16
25
What is 3 (base 14) in base 6?
3
-2 (base 14) to base 10
-2
What is -8 (base 12) in base 5?
-13
-3 (base 11) to base 13
-3
-3 (base 12) to base 2
-11
-3 (base 8) to base 10
-3
What is -310 (base 6) in base 3?
-11020
What is -21 (base 3) in base 5?
-12
What is 5 (base 9) in base 5?
10
8 (base 10) to base 14
8
-1154 (base 6) to base 9
-347
3 (base 6) to base 7
3
What is 1b (base 15) in base 3?
222
2 (base 8) to base 14
2
Convert 2 (base 16) to base 5.
2
Convert -110 (base 2) to base 16.
-6
What is -55 (base 12) in base 8?
-101
What is 25 (base 9) in base 4?
113
What is 0 (base 7) in base 13?
0
What is -13 (base 6) in base 12?
-9
Convert 4 (base 10) to base 15.
4
-58 (base 13) to base 15
-4d
112102 (base 3) to base 8
605
What is 111 (base 8) in base 7?
133
What is -2 (base 4) in base 8?
-2
What is 2 (base 7) in base 16?
2
Convert -35 (base 9) to base 8.
-40
What is 1 (base 6) in base 15?
1
What is 226 (base 8) in base 10?
150
What is 332 (base 5) in base 14?
68
What is -25 (base 7) in base 3?
-201
What is 1 (base 12) in base 5?
1
What is -111101 (base 2) in base 7?
-115
What is -16 (base 11) in base 14?
-13
2 (base 11) to base 2
10
Convert -2 (base 6) to base 2.
-10
-39 (base 11) to base 14
-30
-101 (base 2) to base 4
-11
What is -20011 (base 3) in base 2?
-10100110
Convert -11 (base 9) to base 7.
-13
-64 (base 10) to base 8
-100
Convert -125 (base 6) to base 14.
-3b
134 (base 5) to base 8
54
-154 (base 8) to base 4
-1230
What is -34 (base 6) in base 5?
-42
-5 (base 8) to base 6
-5
What is -1 (base 4) in base 7?
-1
-10 (base 15) to base 4
-33
-1112 (base 4) to base 11
-79
Convert -18 (base 10) to base 12.
-16
What is 1 (base 2) in base 13?
1
What is -7a (base 15) in base 8?
-163
d1 (base 14) to base 16
b7
What is 10 (base 8) in base 15?
8
Convert 20 (base 6) to base 9.
13
Convert 170 (base 13) to base 8.
404
Convert 13 (base 6) to base 2.
1001
-45 (base 12) to base 15
-38
-1b (base 12) to base 9
-25
Convert 1 (base 10) to base 5.
1
What is -87 (base 13) in base 4?
-1233
What is 6 (base 15) in base 2?
110
Convert 62 (base 7) to base 13.
35
What is 3 (base 11) in base 9?
3
What is 78 (base 16) in base 4?
1320
32 (base 4) to base 2
1110
What is 1a (base 16) in base 14?
1c
Convert 0 (base 8) to base 9.
0
Convert 0 (base 12) to base 15.
0
251 (base 6) to base 14
75
Convert 15 (base 16) to base 15.
16
Convert 29 (base 10) to base 12.
25
What is 0 (base 7) in base 12?
0
a (base 15) to base 8
12
-11101 (base 3) to base 4
-1312
-18 (base 13) to base 16
-15
Convert 12 (base 3) to base 5.
10
What is -2 (base 13) in base 3?
-2
Convert -43 (base 9) to base 12.
-33
-a (base 16) to base 10
-10
What is 4 (base 15) in base 12?
4
1003 (base 7) to base 5
2341
41 (base 7) to base 15
1e
Convert 40 (base 8) to base 13.
26
Convert 0 (base 4) to base 15.
0
Convert -15 (base 7) to base 14.
-c
Convert -ac (base 16) to base 15.
-b7
What is 28 (base 12) in base 4?
200
Convert 0 (base 11) to base 5.
0
3 (base 5) to base 15
3
Convert 44 (base 8) to base 13.
2a
What is -105 (base 9) in base 15?
-5b
Convert 2b (base 14) to base 9.
43
What is 1303 (base 4) in base 6?
311
-10 (base 2) to base 5
-2
Convert -8 (base 12) to base 13.
-8
Convert 100001 (base 2) to base 16.
21
What is -5 (base 7) in base 6?
-5
-1001 (base 2) to base 6
-13
What is -135 (base 7) in base 14?
-55
Convert -45 (base 8) to base 11.
-34
Convert 2 (base 9) to base 8.
2
Convert -1 (base 10) to base 12.
-1
What is -11200 (base 3) in base 8?
-176
What is -44 (base 12) in base 2?
-110100
What is -b5 (base 15) in base 14?
-c2
Convert 56 (base 15) to base 8.
121
Convert 4b (base 14) to base 8.
103
What is 102 (base 7) in base 6?
123
-12011 (base 3) to base 6
-351
Convert 171 (base 8) to base 2.
1111001
Convert 534 (base 6) to base 3.
21111
What is -21 (base 4) in base 9?
-10
What is 0 (base 13) in base 2?
0
What is -53 (base 16) in base 11?
-76
Convert -13 (base 4) to base 13.
-7
Convert -23 (base 12) to base 14.
-1d
Convert -2 (base 11) to base 14.
-2
332 (base 4) to base 9
68
80 (base 14) to base 13
88
What is -17 (base 8) in base 2?
-1111
Convert 1312 (base 6) to base 4.
11030
What is 11 (base 11) in base 12?
10
e7 (base 16) to base 13
14a
7 (base 10) to base 15
7
What is -2 (base 8) in base 11?
-2
-4 (base 9) to base 16
-4
What is -233 (base 7) in base 8?
-172
8 (base 12) to base 10
8
Convert 5 (base 14) to base 3.
12
Convert 2 (base 3) to base 5.
2
Convert 0 (base 4) to base 13.
0
What is 55 (base 13) in base 15?
4a
What is 7 (base 13) in base 6?
11
What is 16 (base 11) in base 12?
15
Convert -11 (base 13) to base 5.
-24
Convert -41 (base 7) to base 8.
-35
What is -72 (base 9) in base 12?
-55
Convert -100 (base 3) to base 7.
-12
-8 (base 9) to base 7
-11
What is -7 (base 10) in base 7?
-10
What is -12 (base 6) in base 11?
-8
1 (base 15) to base 13
1